d derivative of l**3/6 - l**2 - 8*l. Determine o(-6).
-8
Let h be (-1)/(3*(-3)/(-27)). Let c(p) = p**2 + 2*p. Let g be c(h). Let j(b) = -b**3 + 2*b**2 + b - 1. Determine j(g).
-7
Let t(l) = -l**3 - 7*l**2 + 8*l - 5. Let f be t(-8). Let d(c) be the second derivative of 5*c**2 + 1/6*c**3 + 0 + 2*c. Give d(f).
5
Let l(i) = -i**2 - i + 2. Let u(p) = -p + 12. Suppose h - 5 = -26. Let t be (h/(-28))/((-2)/(-32)). Let a be u(t). Give l(a).
2
Let w(y) = y**2 + 6*y - 3. Let o be w(-6). Let h be 1 + 2 + o - -4. Let b(u) = u**3 - 3*u**2 - 4*u + 2. What is b(h)?
2
Suppose w + r + 3 = 0, 0 = 2*w - 4*r - 21 + 3. Let i(h) = -4*h**2 - w - 60*h + 7 - h**3 + 66*h. Calculate i(-5).
1
Let a be 1/((-14)/52) - 8/28. Let o(g) be the second derivative of -g**3/6 - 5*g**2/2 - 2*g. Give o(a).
-1
Let d(r) be the third derivative of -1/24*r**4 + 0*r + 0 - 1/6*r**3 + 3*r**2. Let q(u) = -u**2 + 2*u + 4. Let a(k) = 2*d(k) + q(k). Give a(-2).
-2
Let a(r) = r**3 + 2*r**2 - 2*r - 1. Let k be a(-2). Let h(p) = p + 6 + 0*p + k*p - 6*p. What is h(7)?
-8
Let g(c) = c**3 - 5*c**2 + 5*c - 5. Suppose -3*o + 2*h - 88 = -8*o, -5*o - 5*h + 85 = 0. Let d = o - 14. What is g(d)?
-1
Let m(f) = -f**2 - 2*f - 2. Let l be (-7 + 8)/((-3)/(-18)*-2). Give m(l).
-5
Let n(x) = -x**2 - 13*x + 9. Let s(o) = o**2 + 13*o - 10. Let a(i) = -5*n(i) - 4*s(i). Calculate a(-13).
-5
Let v(y) = -y**2 - 7*y - 4. Let t(z) = z**3 + 9*z**2 + 9*z + 2. Let s be t(-8). Give v(s).
2
Let y(z) = -9*z - 14. Let m(r) = -6*r - 9. Suppose -2*u + 14 = -2*q + 3*q, -13 = -5*u + 3*q. Suppose 5*d - 13 = -53. Let x(h) = d*m(h) + u*y(h). Give x(-3).
-7
Suppose -2*n - 46 = -3*u + 23, -2*n = 2*u + 44. Let y be (-1)/(-2) - n/6. Let r(p) = p - 5. Determine r(y).
0
Let j(q) = q**2 + 4*q + 1. Suppose -15 = 4*g + 1. Let n be j(g). Let r be n/2*2*5. Let l(a) = a**2 - 6*a. Give l(r).
-5
Let q(c) be the third derivative of -c**6/120 - c**5/10 - c**4/6 - c**3/6 - 8*c**2. Let a(m) = m**2 - 11*m - 5. Let s be a(11). Determine q(s).
-6
Let f(z) = -3*z**3 + z**2 - z. Let j = -4 - 8. Let t = 13 + j. What is f(t)?
-3
Let w(h) = 4*h - 2. Suppose 0 - 6 = -3*s. Calculate w(s).
6
Suppose -4*r = 1 + 15. Let j = 11 + r. Let s(f) = -f - 1 + 2*f - j*f. What is s(-1)?
5
Let y(t) = -t**3 - 8*t**2 - 7*t - 1. Suppose -2*l - 2 = -2*j + 56, -3*j + 91 = -4*l. Suppose -32 = 5*s - 3*i, 7*s + j = 3*s + 3*i. Calculate y(s).
-1
Let y = -14 - -10. Let n(k) = -k - 4. Give n(y).
0
Let m(u) be the first derivative of -u**4/4 + u**3/3 - 2. Calculate m(2).
-4
Let o(u) = 4*u - 2 - 2*u - 2*u + 2*u. Calculate o(5).
8
Let i(u) = 5*u**2 + 1. Let m be 0/(-4) + (-4 - -8)/(-4). Determine i(m).
6
Let q(h) = 6*h - h**2 + 2*h**2 - 7 + 0*h**2 - 2*h. Calculate q(-6).
5
Let g(x) = x + 6. Suppose z - 22 = 5*y, -5*y - 2*z - 40 = -9. Determine g(y).
1
Let s(b) = -b**2 - 6*b - 4. Let y = 68 + -74. Calculate s(y).
-4
Let j = 5 + -5. Let y(f) = f + 2. Let z(a) = -a + 7. Let k(i) = -i. Let r(x) = 4*k(x) - z(x). Let t(l) = 2*r(l) + 7*y(l). Determine t(j).
0
Let t(o) = 13*o - 1. Let j(v) = -3*v - 8. Let q be j(-3). What is t(q)?
12
Let b(a) = -a**3 - 5*a**2 - 5*a - 6. Suppose 9*s - 315 = 4*s. Suppose 5*o - 17 - s = 0. Suppose -5*m - o = -0*m - w, 0 = -w - 4. Calculate b(m).
-2
Let k = 0 - -3. Suppose 0 = -d - h + 2, h = -1. Suppose -t = -5*t + v - 15, -4*v + k = d*t. Let r(b) = -2*b**2 - 4*b - 1. Give r(t).
-7
Let i(j) = -5*j. Let s(h) = -h - 1. Let w(b) = -i(b) - s(b). What is w(-1)?
-5
Let w(t) = -t + 2*t - 1 + 0*t + 10*t**2 - 11*t**2. Give w(3).
-7
Let x(i) = i**3 - 3*i**2 - 2*i + 4. Suppose -9 = -3*q, 2*q + q = -3*p + 33. Suppose -14 = -4*y - 2*s, -5*y + 8 = 4*s - p. Give x(y).
12
Let p(n) be the second derivative of n + 0 + 1/12*n**4 + 5/6*n**3 + 3/2*n**2. Calculate p(-3).
-3
Let v = 5 - 4. Let p(m) be the first derivative of -m**4 + m**3/3 - m + 1. What is p(v)?
-4
Let i = -42 + 46. Let g(l) be the second derivative of -l**5/20 + l**4/3 - l**3/3 + 2*l**2 + l. Give g(i).
-4
Suppose 3*g + 4*v - v - 12 = 0, -3*g + v + 12 = 0. Let f(s) = 4*s + 3*s**2 - 3 + 2 - g*s**2. Let p(w) = w - 1. Let y be p(5). Give f(y).
-1
Let a(c) = -c**2 + 13*c - 16. Let n be a(11). Suppose 0 + n = z. Let b(h) = -h + 1. Determine b(z).
-5
Let g(l) = -2*l + 135 - 66 - 70. Calculate g(-1).
1
Suppose 4*o + 10 = k, 1 = 4*o - o - 5*k. Let f(i) = -355*i + 4 + 179*i + 178*i. Determine f(o).
-2
Let a(c) = -c**2 + 3*c + 3. Let l be (6/(-5))/1*10/(-4). Determine a(l).
3
Let f(p) be the third derivative of -p**6/120 - p**5/20 + p**4/24 - p**3/2 + 7*p**2 + 2. Let z(n) = n**2 - 3*n - 3. Let o be z(3). Calculate f(o).
-6
Let y(a) = a**3 - 2*a**2 - 5*a + 4. Let c be ((-3)/2)/3*(-2 - 4). Give y(c).
-2
Suppose 26 = -3*r + 5*r. Let o = 16 - r. Let q(y) = -y**3 + 3*y**2 + 2*y - 3. Determine q(o).
3
Let r be 5 + ((-8)/4 - 1). Let u(x) = -4*x + 2. Give u(r).
-6
Let q be (4 - 1)*(-1)/(-1). Suppose r = 2 + q. Suppose r*m - 6 = 19. Let g(s) = s**2 - 6*s - 4. Give g(m).
-9
Let t(f) be the third derivative of -f**4/24 + f**3/2 - 42*f**2. Give t(-4).
7
Let t(u) = -2*u**3 + 11*u**2 + 4*u - 11. Let n(o) = o**3 - 6*o**2 - 2*o + 6. Let d(a) = 5*n(a) + 3*t(a). What is d(3)?
3
Let u(v) = 7*v - 6. Let a(c) = -13*c + 11. Let l(q) = 6*a(q) + 11*u(q). Calculate l(-6).
6
Let q(r) = r + 2*r**2 - r**2 + 0*r**2 - 2*r. Give q(1).
0
Suppose -3*y = -24 - 6. Suppose -y = 3*h + 5. Let q(u) be the first derivative of u**3/3 + 2*u**2 - 2*u - 1. Give q(h).
3
Let i(y) = -y + 5. Suppose 8*j + 54 = -10. Give i(j).
13
Let g(o) = o**3 - 2*o**2 + 2*o + 2. Let m(s) = -s**2 + s + 1. Let n(c) = -g(c) + 2*m(c). Suppose 4 = -3*f + 7. What is n(f)?
-1
Let t(i) be the third derivative of i**6/120 - i**5/60 - i**4/6 - i**3/2 + 5*i**2. Let g be 2 - (4 + -1 + 1). Give t(g).
-7
Let z(h) be the second derivative of h**3/2 + 7*h**2/2 + 4*h. Calculate z(-5).
-8
Let o(r) = -r**2 - 8*r + 13. Let p be o(-9). Let i(g) = -g**3 + 0 + 2 - g + 0*g - 1 + p*g**2. Give i(3).
7
Let n(o) = o**3 + 5*o**2 + 3. Let c be n(-5). Let b(a) = 4*a**2 - 3*a**3 + 5*a + 4*a**c - 12*a**2 + 9. Let v be b(7). Let s(l) = 3*l + 6. Give s(v).
-9
Let w be (-3)/(-6)*(-10 - (-1 + -3)). Let z(k) = 2*k**2 + 2*k. What is z(w)?
12
Let z(f) = f**3 + 3*f**2 + 3*f + 2. Let w be z(-3). Let y = -10 - w. Let p(c) = 2*c - 2. Determine p(y).
-8
Suppose 0*a = -4*v - a - 11, 3*v + 27 = 3*a. Let m(t) = -3*t**2 - 18*t + 10. Let p(o) = -2*o**2 - 12*o + 7. Let w(c) = 5*m(c) - 7*p(c). Calculate w(v).
9
Let h(n) be the third derivative of n**5/60 - n**4/6 + n**2. What is h(3)?
-3
Let a(j) = j**2 - 7*j - 8. Let p(b) = -6*b**2 + 35*b + 40. Let n(v) = 11*a(v) + 2*p(v). Give n(-6).
-2
Let i(c) = c**2 + 3*c - 4. Let j be ((-15)/(-9) - 1)/((-6)/27). What is i(j)?
-4
Let m(z) = -6*z - 3 + 4 - 2 + 9*z. What is m(-2)?
-7
Let q(p) be the second derivative of p**3/2 - p**2/2 - 10*p. Give q(-1).
-4
Let y(t) = -t**3 - 3*t**2 + 3. Let a(o) = -o**3 - 5*o**2 - 6*o - 3. Let q be a(-2). Calculate y(q).
3
Let w(z) be the third derivative of z**4/24 - z**3/6 - 2*z**2 - 14. Determine w(-5).
-6
Suppose 23 = -2*i - 5*c, 5*c = -2*i - i - 22. Let d(v) = -6*v**3 - 2*v**2 + v. Determine d(i).
-7
Let l = 15 - 16. Let w be -2*1*l/2. Let o(t) = -3*t**3 + t**2. What is o(w)?
-2
Let y(z) = z - 6. Let b be y(6). Let a(o) = -2 - o**2 + 2*o**2 + o**3 + b. Suppose -4*l - 5*k - 28 = 0, l = -l - 2*k - 12. Give a(l).
-6
Suppose -4*w + 0*w + 24 = 0. Let g(f) = f**3 - 5*f**2 - 3*f - 2. Calculate g(w).
16
Suppose -5*w = -2*u - 6, -u + 8 = 4*w - 2. Suppose 4*l - q = -29, -w*q + 34 = -3*l + 6. Let c(y) = y**2 + 5*y + 1. Give c(l).
7
Let h(c) = 2*c + 6. Let s(n) = -2*n - 5. Let z(q) = -2*h(q) - 3*s(q). What is z(-3)?
-3
Let l(a) be the second derivative of 0 - 1/20*a**5 + 1/3*a**4 + 4*a + a**3 - 3/2*a**2. Give l(5).
2
Let r(j) = -j + 16. Let f be r(14). Let d(k) be the first derivative of -1/2*k**f + 2 + k. Calculate d(5).
-4
Suppose -2*d + p - 3*p - 18 = 0, 30 = -4*d + 2*p. Let y be d/(-3)*18/(-8). Let n = -4 - y. Let b(k) = k**3 - 2*k**2 + 3*k - 3. Determine b(n).
3
Let p(k) = -16*k**2 - 36*k - 9. Let x(j) = -3*j**2 - 7*j - 2. Let n(b) = 2*p(b) - 11*x(b). Determine n(-4).
0
Let a(d) be the third derivative of -d**4/24 + d**3/6 - 6*d**2. Determine a(0).
1
Let w(k) = -k**2 + 3*k + 4. Let t be w(3). Let x = -6 + 9. Let l(b) = -3*b + 0 + x + 2*b - t*b. Determine l(2).
-7
Let o(